 n and 18?
2
Let r(w) = 7*w + 1. Let t be r(7). Let i be (9 - 10)*-5*2. Calculate the highest common divisor of i and t.
10
Suppose -11*v = -2*q - 16*v + 63, 5*v = 5*q - 175. Calculate the greatest common divisor of q and 731.
17
Let n(r) = 141*r**2 + 9*r + 14. Let g be n(-2). Calculate the greatest common divisor of 70 and g.
70
Suppose -2*v = 0, v - 39 = -2*m + 67. Let f = 116 - m. Calculate the highest common divisor of f and 21.
21
Suppose 7 = 36*o - 29. Suppose 4*r - 15 + 82 = 5*q, r - q = -16. Let c be (2 + r)/(o + -2). Calculate the greatest common divisor of c and 22.
11
Let b be 191 - (-8 + 3)/(-5). Suppose -y - 61 = -b. Calculate the greatest common divisor of y and 86.
43
Suppose -4*p + 8*p - 32 = 0. Let h(o) = -5*o + 12. Let q be h(p). Let d be (q/(-3))/((-4)/(-12)). Calculate the highest common factor of d and 42.
14
Let y(c) = c**3 + 2*c**2. Let p be y(-2). Let l be (-1 - p)/(3/(-24)). Calculate the greatest common divisor of l and 2.
2
Let u(i) = -i**3 - 14*i**2 - 17*i - 10. Let a be u(-13). Suppose 38 = 2*d - a. What is the greatest common factor of d and 8?
8
Let r be ((-13)/(-1))/((-4)/(-12)). Let m be ((-4)/(-6))/(-7 - (-275)/r). Calculate the greatest common factor of 52 and m.
13
Suppose 461 + 298 = 3*d - 4*w, -2*w - 1265 = -5*d. Calculate the highest common factor of d and 33.
11
Let l be 0 + (60 - 2) + -1. Let p(r) = -r**3 - 5*r**2 + 14*r + 4. Let q be p(-7). Suppose 6*t = q*t + 38. Calculate the greatest common divisor of t and l.
19
Let i(q) = -12*q**3 - 2*q**2 + q - 2. Let p be i(-2). Let d = 83 + -71. Calculate the greatest common factor of p and d.
12
Suppose -242 = -2*o - 2*n, n - 5*n - 131 = -o. Let r = o - 51. What is the highest common divisor of 48 and r?
24
Suppose j = 5*j + 20, 4*j = -5*v + 30. Suppose v*t - 6*t = 116. Suppose 0 = 3*q - q - 406. What is the greatest common factor of t and q?
29
Let g(i) = 3*i + 22. Let n be g(0). What is the greatest common factor of 242 and n?
22
Let g(y) = 16*y**2 + 46*y + 5. Let m be g(-3). Calculate the highest common divisor of 15 and m.
1
Let a be (-204)/(-15)*(13 + -8). Calculate the greatest common divisor of a and 2482.
34
Let q(g) be the first derivative of 7*g**3 + 2*g**2 + 4*g + 18. Let p be q(-1). Calculate the greatest common divisor of p and 84.
21
Let n = 46 - 45. Let t be ((-11)/22)/(n/(-2)). What is the highest common divisor of t and 1?
1
Suppose 217 = -652*m + 683*m. Let o(y) = -y - 3. Let d be o(-2). Let j be -7*(d - (1 - 1)). Calculate the highest common divisor of j and m.
7
Let f be (12/(-14))/((-36)/378). Calculate the greatest common divisor of 30 and f.
3
Suppose 15 = 3*a + q + 2*q, 0 = a - 4*q - 5. Let w be a*-1*(-4)/4. Suppose w*p - 257 = -77. Calculate the highest common factor of p and 4.
4
Let m(q) = 1 + 1 - 10*q + 3*q**2 - 2*q**2. Let d be m(10). Suppose -h - 4*g = -20, -3*h - 2*g + 18 = -d. What is the greatest common divisor of h and 2?
2
Suppose -4*q = -22*q + 432. Calculate the highest common factor of q and 42.
6
Let s(x) = x**2 + 9*x - 15. Let j = 3 - 4. Let t(h) = 12*h + 1. Let i be t(j). Let g be s(i). Calculate the greatest common divisor of 63 and g.
7
Suppose m - 13 = -0*m + 3*o, 2*o = -8. Suppose -3*t + m = -38. Suppose 16*j = 9*j + 273. Calculate the highest common divisor of t and j.
13
Let u(w) = 18*w**2 + 3*w - 5. Let z be u(1). Let x = 14 - -2. What is the highest common divisor of z and x?
16
Let f be (2/2)/(29/174). What is the greatest common factor of f and 9?
3
Let g = 64 - 14. Suppose 6*z - g - 124 = 0. Let k(x) = x**2 + 4. Let v be k(-5). What is the highest common factor of z and v?
29
Let f(k) = k**3 - 4*k**2 + 5*k - 9. Let p be f(4). Suppose s = -b + p, 7*s - 48 = -4*b + 4*s. Calculate the highest common factor of 30 and b.
15
Let q(l) = 12*l - 34. Let k(b) = 4*b - 25. Let o be k(8). Let r be q(o). Calculate the highest common divisor of 75 and r.
25
Let z be 117/6 - 2/(-4). Let m be 6/(2/(24/(-9))). Let o be 5/z - 142/m. Calculate the highest common divisor of 18 and o.
18
Suppose 8 = 6*v - 2*v. Let f be 24 + 0 + v + -4. Suppose 0 = 4*w + 4*i - 800, 2*i + 404 = 2*w + 6*i. Calculate the highest common factor of f and w.
22
Suppose -3*i - 4*c = -3*c - 964, 0 = -3*c + 12. Let f be 1*-20*(-1 - 1). Calculate the highest common divisor of f and i.
40
Suppose -228 = 2*z + 4*o, -4*z = -5*z + 3*o - 104. Let s = -71 - z. What is the highest common factor of 13 and s?
13
Let n be 6*((-2)/6)/(2/(-2)). Let b = 50 - n. What is the greatest common divisor of b and 72?
24
Let l be -12 - (0 - 8/(-4)). Let t be (-4)/10*175/l. Suppose t*d = 6*d - 20. What is the greatest common factor of 180 and d?
20
Suppose 1 - 3 = -2*c. Let t = 117 + -112. Calculate the greatest common divisor of t and c.
1
Let k = -110 + 116. Suppose q - 5*q + 3*x + 39 = 0, 2*q - x = 19. What is the highest common divisor of q and k?
3
Let a(w) = w**2 - 10*w - 7. Let b be a(5). Let p be ((-3)/(-2))/((-4)/b). Calculate the greatest common factor of 30 and p.
6
Let w be (-785)/(-15)*6 - (7 - 3). What is the highest common divisor of 124 and w?
62
Let b = 48 - 29. Let f = 1248 - 1115. Calculate the highest common divisor of f and b.
19
Let j(z) = 0*z + 7*z - 5 + 2 + 12*z. Let r be j(1). What is the highest common factor of 16 and r?
16
Suppose 5*x - 16 - 4 = 0. Suppose -x*m + 0*m = -144. What is the highest common factor of 4 and m?
4
Let k be (8 - 7)/((-2)/50*-1). Calculate the greatest common divisor of k and 225.
25
Suppose 62 = k - 57. Let x(h) = 33*h**3 + 3*h**2 - h - 1. Let n be x(1). What is the greatest common divisor of k and n?
17
Suppose 5*o = 1 + 54. Let t = 212 + -211. Calculate the highest common factor of o and t.
1
Let c(m) = 30*m - 100. Let u be c(8). Calculate the greatest common divisor of u and 10.
10
Suppose -2*j - 3*g + 5384 = 3*j, -4*j + 4316 = -2*g. What is the highest common factor of j and 49?
49
Suppose 4*w + 4*q - 64 = 3*w, 88 = w - 4*q. Calculate the greatest common divisor of w and 494.
38
Let i(n) = n**2 + n - 24. Let c be i(5). Calculate the highest common divisor of 21 and c.
3
Suppose -1232 = -4*o - 2*k, -508 - 720 = -4*o - k. Calculate the highest common factor of 18 and o.
18
Let f be 33 + 3*(-11 + 12). Let q = -18 + 30. Calculate the greatest common divisor of f and q.
12
Let t(z) = -z**3 - 24*z**2 - 68*z - 26. Let r be t(-21). What is the highest common factor of 2 and r?
1
Let l(k) = 6*k - 2. Suppose 8 + 10 = 6*h. Suppose 5*o = -h*j - 8, -4*j = -3*j + 5*o + 16. Let g be l(j). Calculate the highest common divisor of 44 and g.
22
Suppose k + 4*w - 132 = 0, -428 = 4*k - 8*k + 4*w. What is the greatest common factor of k and 32?
16
Let t = 860 + -824. What is the greatest common factor of 243 and t?
9
Suppose 4*j = 307 + 949. Let i be (279/3)/((6/4)/(-1)). Let v = i + j. What is the greatest common divisor of 28 and v?
28
Let m be ((-420)/(-98))/(-1 - (-108)/105). What is the highest common factor of 350 and m?
50
Suppose -4 = -z - 0*z. Suppose 5 = -z*x - 51. Let i = -13 - x. What is the greatest common divisor of i and 2?
1
Let q be -19 + 19 - (-1 + -606 + -1). Calculate the greatest common divisor of 38 and q.
38
Let l = 56 - 15. Suppose -4*h + 43 = -l. Suppose 438 = 5*q + 4*r - 507, -3*r + 567 = 3*q. Calculate the highest common divisor of q and h.
21
Let q(r) = 3*r - 22. Let x be q(8). Suppose -x*g + 3*u + 111 = 0, 0 = g - 3*u - 44 - 13. Calculate the highest common factor of 18 and g.
18
Let b be 24*(0 - (-99)/12). What is the highest common divisor of b and 18?
18
Let f = -58 + 102. Suppose f = 10*h + 4. What is the greatest common factor of 1 and h?
1
Suppose -3*t + 982 = t - q, 2*q - 976 = -4*t. What is the highest common factor of 35 and t?
35
Let k be 490/(-35)*(5 - 1)*-1. What is the greatest common divisor of k and 42?
14
Let s = -70 - -47. Let h = s - -34. Suppose 3*q + 2*u = -2*u + 281, 0 = 5*q + 5*u - 475. What is the greatest common divisor of q and h?
11
Suppose 0 = 5*t - 5*b - 3050, -t - 4*t + 3030 = 5*b. Let a be t/6 + -2 + (-4)/(-6). Calculate the highest common divisor of 20 and a.
20
Let p = 16 - 4. Let k = 1113 - 1109. Calculate the highest common divisor of k and p.
4
Let m = -6 + 9. Let z(x) = -5 - 31*x + 14*x + 15*x. Let d be z(-4). Calculate the highest common divisor of m and d.
3
Let o be 54/(-90) -